-568)/(-32)?
2
Let t = 82 - 73. What is the units digit of t + 0 - (-5)/(-1)?
4
Let f(l) = -l**3 - 22*l**2 + 15. Let i be f(-22). What is the tens digit of (-4485)/10*(-10)/i?
9
Suppose -5*a + 5*t + 35 = 0, -5*t - 15 = -3*a + 2*a. Suppose -a = 3*d - 203. What is the units digit of d?
6
Let j(k) = 7*k**2 + 3*k + 1. Let r be j(-1). Suppose -3*d = r*v - 81, 7*d - 113 = 2*d - v. What is the units digit of d?
2
Suppose -3*o + 0 + 6 = 0. Let b be (2/(-3))/(o/(-9)). Suppose b*u - s = -2*u + 180, -u - s = -36. What is the units digit of u?
6
Let y = 21 + -21. Suppose 2 = -r - y*r. What is the units digit of 4 + (r - (-4 + 4))?
2
Suppose 0 = -3*o + 8 + 4. Suppose -5*b = -o*b - 3. Suppose -5*h = -3*h - b*z - 52, -5*h = -2*z - 152. What is the units digit of h?
2
Let v = -22 + 50. Let y = v - 56. Let k = -16 - y. What is the tens digit of k?
1
Let z(n) = n**3 - 5*n**2 + 5*n + 3. Let i(v) = v**2 - 13*v - 10. Let h be i(14). Let y be (-2 - -3) + (h - 1). What is the units digit of z(y)?
7
What is the thousands digit of 290/3*(-75 - -105)?
2
Let b be (749/21)/((-3)/(-9)). Let k = b - 76. What is the units digit of k?
1
Suppose 9*w = 4*w. Suppose w = 3*v - 2*v. What is the units digit of ((-3)/5 + v)*-85?
1
Suppose 5*k - 190 = -710. Suppose -49 = 2*t + 23. Let c = t - k. What is the tens digit of c?
6
Let c = 11136 + -7930. What is the hundreds digit of c?
2
Suppose -3*p = -2*p + 3*d - 2721, p - 5*d = 2745. What is the units digit of p?
0
Let u(h) = -h**2 - 52*h + 28. What is the tens digit of u(-34)?
4
Suppose -24 = -4*w + 12. Suppose -24 = -3*a - 3*c, w - 28 = -2*a + c. What is the units digit of a?
9
Let s = -4614 - -7710. What is the units digit of s?
6
Suppose 3*x - c - 4225 = -198, -2*c - 2686 = -2*x. What is the hundreds digit of x?
3
Let u = 9 + -3. Let j be u + -2 - (-4 + 2). Suppose -j*b = -9*b + 27. What is the units digit of b?
9
Suppose 0 = 12*v - 262 - 3026. What is the units digit of v?
4
Suppose 5*n - 4*r + 4 = 0, -1 = -3*n - 4*r + 3*r. Suppose n*p + 64 = p. Suppose 3*j = j + p. What is the units digit of j?
2
Let f be 74/26 - (-16)/104. Let q(d) = -d**3 + 2*d**2 + 5*d - 3. What is the units digit of q(f)?
3
Suppose -2*g + 11 = -1. Let t be 4*(3/g)/1. Suppose -a + 2*u - t = -3*a, 5*u + 3 = 3*a. What is the units digit of a?
1
Suppose 38*u - 33*u - 5570 = 0. What is the units digit of u?
4
Suppose -3*f = 5*k - 398 - 4865, 3477 = 2*f - 3*k. What is the hundreds digit of f?
7
Let v = -79 - -70. What is the units digit of (-1840)/(-36) - (-1)/v?
1
Suppose -1116*m = -1133*m + 47430. What is the hundreds digit of m?
7
Suppose 0 = -9*n + 6*n - 27. Let y be (-33)/(2/(12/n)). Let j = -14 + y. What is the units digit of j?
8
What is the hundreds digit of 10734/30 - -4 - 8/10?
3
Suppose 840*i = 848*i - 12680. What is the hundreds digit of i?
5
Suppose 4*a + a + 35 = 0. Let z be 2/a*(3 - 10). What is the units digit of 0 - -2 - (0 - z)?
4
Let j be 3 - ((-3)/1 - -6). Suppose -40 = -2*x - j*x. Suppose 0 = k - 5*l - 1, 0 = -3*k + l - 3*l + x. What is the units digit of k?
6
Let h be ((-6)/4)/((-9)/24). Let d(b) = b**3 - 4*b**2 + 1. Let p be d(h). Suppose j = p + 1. What is the units digit of j?
2
Let b = -27 - -31. What is the units digit of -25*(32/(-5))/b?
0
Suppose -95 = 21*s - 16*s. Let m(u) = u**3 - 6*u**2 - u - 1. Let t be m(6). Let k = t - s. What is the tens digit of k?
1
Let t be ((-8)/5)/(7/70). Let w = 20 + t. Suppose c + w = 64. What is the units digit of c?
0
Suppose -2*f = 5*l - 18, -l - 4*f = -0*f. Suppose 0 = -5*a + 5*k + 315, 3*k - 7 = -l. What is the units digit of a?
4
Suppose 0 = -0*h - 5*h - 4*k - 10, -2*k - 8 = h. Let n be -11*(h + (-6 - -3)). Let g = 22 + n. What is the units digit of g?
3
Suppose 0 = -2*n + 4. Suppose 0 = -3*q - 2*s - n*s + 370, 3*s = 3. What is the units digit of q?
2
Let r(v) = -v**3 + 9*v**2 + 10*v + 5. Let q be r(10). Suppose 6 = q*l - 7*l. What is the units digit of (-7 - l)/(2/(-3))?
6
Let v be -14 + (2 + -1)*2. Let d be (-3)/v*4 - -8. Suppose 4*l = d + 79. What is the units digit of l?
2
Suppose 0 = -17*i + 2*i + 7515. What is the hundreds digit of i?
5
Let f(j) = -j**3 + 4*j**2 - 6*j - 87. What is the hundreds digit of f(-7)?
4
What is the hundreds digit of 8 - (-17463)/15 - 8/(-10)?
1
Let k(b) = 3*b**2 - 7*b - 6. Let n(f) = f**2 + 6*f. Let g be n(-9). Suppose 9 + g = 6*x. What is the tens digit of k(x)?
6
Let c be (4/7)/(-3 + (-92)/(-28)). What is the tens digit of (-2 - 2) + 29 + c?
2
Let n(o) = o**3 + 7*o**2 - o - 1. Let u = -10 - -3. Let d be n(u). What is the units digit of d/21 - 75/(-7)?
1
Suppose -b + 2784 = -3*d, -2*b + 6*b - 11068 = -5*d. What is the units digit of (-3)/(-15) - b/(-15)?
5
What is the hundreds digit of 744 - 1*(-2 - -1)*-5?
7
Let b be 1 + 9/1 + -4. Let o = b - -9. What is the tens digit of o?
1
Let q(g) = g**3 - 5*g**2 + 8*g - 3. Let x be q(3). Suppose 0 = x*p + p - 136. What is the tens digit of p?
3
Suppose 9*x = 4*x - i - 12, -4*x - 3 = 3*i. What is the units digit of 1/(390/129 + x)?
3
Suppose 15*b - 11*b - 8216 = 0. What is the units digit of b?
4
Let m(b) = -4*b - 9. Let g(r) = -21*r - 45. Let o(d) = -5*g(d) + 24*m(d). What is the tens digit of o(5)?
5
Suppose 2769 = 19*c - 18*c. What is the tens digit of c?
6
What is the tens digit of (-774)/(3 + (-54)/12)?
1
Suppose -3*g = -2*g - 52. Suppose 3*n = 0, -y + 71 = -2*n + 1. What is the tens digit of g/65*y/4?
1
Suppose 4*q + 14 = 2*i + i, 0 = -5*i + 2*q + 14. Suppose -5*k = -l + 62, -i*l + 5*k = -34 - 70. What is the units digit of l?
2
Let c(q) = 4*q - 25. Suppose 4*u = 192 - 24. Suppose 5*p - 21 = -3*t + u, -4*t = -4*p + 44. What is the tens digit of c(p)?
2
Let g = -3004 + 5665. What is the hundreds digit of g?
6
Let c = -1 + 1. Suppose -250 = 8*n - 362. Suppose c = -j + y + 3, -n = -3*j - 2*y. What is the units digit of j?
4
Suppose s + 1 - 16 = 5*v, -2*s = -4*v - 12. Let g(b) = b + 149. What is the tens digit of g(s)?
4
Suppose -60 = -3*r - 9. Let z = r + 52. What is the tens digit of z?
6
Let k(v) = v**2 - 6*v + 7. Let i be k(5). Suppose w - 10 = -i*w + 4*u, 3*u + 8 = 2*w. What is the units digit of 3 - (-14 - -2) - w?
7
Let w(s) = s + 11. What is the units digit of w(-3)?
8
Let u be (-14)/(-6) - 4/12. Let j = u - 9. Let i = j + 15. What is the units digit of i?
8
Let d(r) = -4*r + 6. Let a(g) = 5*g + 3. Let o be a(-3). Let b be d(o). Let q = b - 26. What is the units digit of q?
8
Let i(d) = 8*d**2 + 13*d - 5. What is the tens digit of i(-10)?
6
Let c be -33*((-12)/(-9) - 4). Suppose -5*p - 60 = o - 6*o, 2*p - c = -5*o. What is the units digit of 1*2 + -13 + o?
5
Let z(k) = k**3 + 4*k**2 - 13*k - 9. What is the units digit of z(-5)?
1
Let d = 335 - 272. What is the units digit of d?
3
Suppose -98 = -3*l + l + 4*r, 4*r + 275 = 5*l. What is the units digit of l?
9
Let u be (-22)/33 + (-317)/(-3). Suppose 3*p = 42 - u. Let c = p + 37. What is the units digit of c?
6
Let c be (-22)/(-2) - (-1 + 0). Suppose 2*s + 8 + 5 = -d, 0 = d - 5*s + 6. Let b = d + c. What is the units digit of b?
1
Let i(q) = -q**3 - 3*q**2 + 7*q + 12. Suppose 0 = 5*d - 5*t + 15, 4*d + 3*t + 30 = t. What is the units digit of i(d)?
8
Let q = -157 + 159. Suppose -p - g + 27 = 4*g, 0 = -5*p + 5*g + 105. Suppose -4*b - d = -27, -2*b - q*b = 2*d - p. What is the units digit of b?
8
Let n = -50 - -106. What is the tens digit of n?
5
Let q be 66/11*(-80)/(-6). Let a = q - -30. What is the tens digit of a?
1
Suppose 270*c - 2688 = 266*c. What is the hundreds digit of c?
6
Let v be (-461 + 0)*-1 - (-39)/(-13). Suppose k + 0*k = 3*p - v, 2*p - 296 = -4*k. What is the hundreds digit of p?
1
What is the hundreds digit of (-117)/(-13) + 1752/4?
4
Suppose 16 = 7*q + 23. What is the hundreds digit of ((-174)/8)/q*(-30 + 42)?
2
Let a(u) = 80*u**2 - 5*u - 5. Suppose -4*l - 8 = 2*v, -2*l + 4*l + 4*v = -4. What is the tens digit of a(l)?
2
Suppose -2*d + 306 = d. Suppose -5*a + 50 = -4*a - r, 4*r = 2*a - d. What is the units digit of a?
9
Let i(p) be the first derivative of -3*p**2 + 6*p + 3. Let q be i(-7). Suppose 4*c + q = 5*c. What is the units digit of c?
8
Suppose 2186 = 2*c - 4*u - 324, 20 = -4*u. What is the units digit of c?
5
Let l(f) = -33*f - 2. Let g = 2 + -5. What is the tens digit of l(g)?
9
Let x(i) = -i + 4. Let k be x(2). Suppose k*v - 134 = -2*o, v 